of u(0).
3, 73
Let q(x) = -2*x**2 - 111 + 104 - x + 6*x**2 - 2*x. What are the prime factors of q(-8)?
3, 7, 13
List the prime factors of 7 - 25 - (-46042 + 4).
2, 3, 5, 13, 59
Let s(l) = 24 + 18 - 2 + 3*l. Suppose -20*m = -237 + 57. What are the prime factors of s(m)?
67
Let b(i) = 283*i**2 + 24*i + 78. What are the prime factors of b(-2)?
2, 7, 83
Suppose -6*s + 5*s = -4. Suppose 536 = s*g + 128. List the prime factors of g/4 - (-3)/(-6).
5
Suppose 0 = 3*i + 4*b - 8 - 26, -3*i + 4*b = -26. Let g be (25/i + -2)*8. Suppose 4*r - 5*l = 120, -3*r + g*l + 71 = 5*l. What are the prime factors of r?
5
Suppose 15588 = 44*q - 9184. Suppose h - 1352 - q = -2*g, -g + 5*h = -963. List the prime factors of g.
2, 479
Suppose 4*t - 20864 = 2*o, -9*t - 5*o + 26095 = -4*t. List the prime factors of t.
3, 37, 47
Let z be -1 + 6 - (-35)/(-10)*10. Let h = 126 + z. List the prime factors of h.
2, 3
Suppose -i - 26*n = -22*n - 3220, 3215 = i + 5*n. What are the prime factors of i?
2, 3, 5
Let i be 7 - (6*1/(-2))/(-1). Let q(r) = -14*r**2 + 9*r - 25. Let x be q(i). Let a = -32 - x. What are the prime factors of a?
181
List the prime factors of 3/((-18)/(-24)) + (-26913)/(-3).
5, 359
Let f(q) = -24*q**2 + q - 5. Let k be f(-3). Let l = k - -118. Let i = l - -152. List the prime factors of i.
2, 23
Let m(x) = -2*x**2 + 17*x - 8. Let f be m(10). Let t = f + 64. List the prime factors of 8/52 - (-698)/t.
3
Let c(g) = -4*g**2 - 2*g - 4 + 21*g**3 + 2*g**2 + 5*g. Let l be c(2). Suppose -11*v + 14*v = l. What are the prime factors of v?
2, 3
Let k = -19 - -45. Let x be (k/(-5))/((-6)/240). Suppose 52 = -4*i + x. List the prime factors of i.
3, 13
Suppose 2074 + 1592 = 3*v + m, 5*v + 4*m = 6110. What are the prime factors of v?
2, 13, 47
Let q = 12495 - 12528. Suppose 0 = 5*b + 3*n - 1190, b - 2*n = -0*b + 251. What are the prime factors of q/22 - b/(-2)?
7, 17
Let a(b) = b**3 + 5*b**2 - 4*b + 13382. What are the prime factors of a(0)?
2, 6691
Let q(n) = -37*n + 4. Let d be q(-2). Suppose -130*c = -136*c - 378. Let r = c + d. List the prime factors of r.
3, 5
Let x = -14979 + 16462. What are the prime factors of x?
1483
Let x = -106 + 94. List the prime factors of (-952)/x - 5/60*4.
79
Let b = 1 - 5. Let p(g) = -3*g**2 - 10*g + 33. Let t be p(-5). What are the prime factors of (-29)/((-34)/t - b)?
2, 29
Let h be (-6)/22 + (-96)/11. What are the prime factors of 389546/558 - (-1)/h?
2, 349
Let l(h) = 2*h + 3. Let r be l(-1). Suppose r + 38 = 13*v. What are the prime factors of v?
3
Suppose -11*o + 17 - 6 = 0. Let a be (o - 272/(-3)) + 25/75. List the prime factors of ((-30)/(-12))/(2/a).
5, 23
Suppose 2*q - 15354 = 4*x, 8*q - 9*q = 3*x - 7652. What are the prime factors of q?
11, 17, 41
Suppose 0 = 16*t - 22*t - 6. List the prime factors of t/2 + (-3)/((-42)/6839).
2, 61
Let z(x) = 23*x + 4. Let s be z(-8). Let h = s + 266. Suppose -3*f + 4*l = -170 + 45, -h = -2*f + 2*l. What are the prime factors of f?
47
Suppose 3*l + 3*u = -105, 6 = -2*u + 2. Let i(m) = -13*m - 132. List the prime factors of i(l).
3, 11
Suppose 0*i + 6 = 3*i. Suppose i*y + 1463 = -5*y. Let n = 370 + y. List the prime factors of n.
7, 23
Suppose 3*v - 11 = -4*x + 9*x, 3*v + 5*x - 1 = 0. Suppose 3052 = v*p + 350. List the prime factors of p.
7, 193
Suppose 2*v = -4*s - 6 - 22, -3*v = -5*s - 13. List the prime factors of (601 + (v - 3))/(3/2).
2, 3, 11
Suppose 13*z - 10*z - y = -42, -16 = z - y. Let o(b) = -23*b - 53. What are the prime factors of o(z)?
2, 3, 41
Suppose -4*t = 7*t. Suppose t = 4*w - 13*w + 2610. List the prime factors of w.
2, 5, 29
Suppose 5*p = 2*s - 13272 + 1823, -4*s + 22862 = 2*p. List the prime factors of s.
5717
Suppose -13984 = -18*f + 13*f + 2*m, 8379 = 3*f - 5*m. List the prime factors of f.
2, 1399
Let q be (0 + -3)*22/(-33). Suppose 0 = 3*z + 3*m - 1029, 2*z + 7*m - 695 = q*m. List the prime factors of z.
2, 5, 17
Let f(h) = 5*h**3 - 53*h**2 + 112*h + 10. What are the prime factors of f(16)?
2, 4357
Let v be 6/(-4) - ((-108)/8)/9. Suppose 3*j - 3 = v, -5*j + 3*j = 4*p - 926. List the prime factors of p.
3, 7, 11
Let g(k) = k**3 - 10*k**2 + 18*k - 26. Let x be g(8). What are the prime factors of (-2*861/35)/(3/x)?
2, 41
What are the prime factors of (-633)/(-3)*(-1)/(2/(-86) - 0)?
43, 211
Let x(l) = 45*l + 13*l**2 - 29*l + 34*l**2 - 21*l. List the prime factors of x(4).
2, 3, 61
Let n(x) = 2*x + 3*x**2 - 4*x**2 + 0 + 3 + 3. Let p be n(4). List the prime factors of (-10)/25 - (p - 272/5).
2, 7
Suppose o + 13 = -2*t, -2*o = -4*o + 4*t - 26. Let u(y) be the first derivative of y**3/3 + 9*y**2/2 + 67*y - 439. What are the prime factors of u(o)?
7, 17
Let k be (4 - -4)/((-2)/(-4)). Let a(t) = 11*t + 7. Let b(d) = d. Let m(g) = a(g) - 4*b(g). What are the prime factors of m(k)?
7, 17
Suppose 3*h = -5*a + 21783, 29044 = -29*h + 33*h - 3*a. What are the prime factors of h?
53, 137
Suppose 0 = 4*g - 315365 - 4543. What are the prime factors of g?
3, 53, 503
Suppose -4*t = i - 1267, -20*i = -17*i - 3*t - 3741. Suppose 4*y - 5*m - i = 124, 2*m = y - 343. What are the prime factors of y?
3, 5, 23
List the prime factors of (-2 - 63/18)/((1/1)/(-912)).
2, 3, 11, 19
Suppose -5*g = -4*t + 91 + 23, -2*t - 2*g + 48 = 0. Suppose -21*d - 465 = -t*d. What are the prime factors of d?
3, 31
Let q be 50/15*12*1/5. Suppose 5*c + 1139 = x + q*c, 2293 = 2*x + c. List the prime factors of x.
2, 7, 41
Let o = 4827 - -2021. List the prime factors of o.
2, 107
Let q(v) = -2130*v + 814. List the prime factors of q(-5).
2, 1433
Let x be (1981/28*-2)/((-1)/4). Suppose -4*w = -n - x + 2363, 7112 = 4*n + 3*w. What are the prime factors of n?
13, 137
Let r = -494 - -1. Let g = r - -983. What are the prime factors of g?
2, 5, 7
Let d(o) = -o**2 + 28*o - 23. Let v be d(27). Suppose -v*j = -20, -4*t - 2*j - 755 = -5*t. List the prime factors of t.
3, 5, 17
Let b(j) be the third derivative of -j**6/120 + j**5/30 - j**4/24 + 15*j**3/2 - 4*j**2. Let i be b(0). Suppose -l = -6*l + i. List the prime factors of l.
3
Suppose -6*f + 50 = 19*f. What are the prime factors of (-258)/(f - 42/18)?
2, 3, 43
Let d be (-2)/(1 + 3) - (-19)/(-2). Let g(t) = t**3 + 11*t**2 + 3*t + 30. What are the prime factors of g(d)?
2, 5
Let z = 10292 + -6162. List the prime factors of z.
2, 5, 7, 59
Suppose -90*p = 54*p - 4839264. What are the prime factors of p?
2, 3, 1867
Let a(z) = z**3 - 84*z**2 + 78*z - 2557. List the prime factors of a(85).
2, 3, 7, 269
Suppose 2*d - 9 = -i - 11, d = 2*i - 6. Suppose -i*q + 5*q = 732. What are the prime factors of q?
2, 61
Let v = 7353 + 1564. What are the prime factors of v?
37, 241
Suppose -74*t = 43*t - 2249559. List the prime factors of t.
3, 13, 17, 29
Suppose 0 = -u - 6, -541*z + 546*z - 82724 = 4*u. What are the prime factors of z?
2, 5, 827
Let i be 4/(-8) + 31/2 + -1. Let r = i + -14. Suppose -4*u + 228 + 396 = r. List the prime factors of u.
2, 3, 13
Let i(l) be the third derivative of -l**5/60 + 5*l**4/6 + 234*l**3 - 2*l**2 + 1. What are the prime factors of i(0)?
2, 3, 13
Let g(l) = -47 + 61*l - 8 - 94*l. What are the prime factors of g(-6)?
11, 13
Let b(j) = -27*j**2 - j + 14. Let x be b(-4). What are the prime factors of -1*1*-2*(-140139)/x?
677
Let p(x) = -14*x + 44. Let n be p(6). Let g be n/(-18) + 16/(-72). Suppose -77 - 39 = -g*c. What are the prime factors of c?
2, 29
Suppose -n = -5*n + 3*h + 3, 18 = 5*n + h. Suppose 0 = 3*y - 5*v + 524, 2*y = 6*v - n*v - 349. What are the prime factors of (-5 - (y - 0)) + 8/(-2)?
2, 41
Suppose -5*w - 2*p = -65, 3*w - 52 + 12 = -p. Suppose 8*f - 2 = 6*f. Let c = f + w. What are the prime factors of c?
2
Suppose -2*q + 15 = -11. Suppose 43*b + 252 = 64*b. Suppose j + z - q = b, -4*j - 3*z = -101. List the prime factors of j.
2, 13
Suppose -7*x = -12*x + 35. Let z = 3 + -3. Suppose -x*m + 9*m - 256 = z. What are the prime factors of m?
2
Suppose -311 = -2*o - 3*u, o = -2*o + 5*u + 438. Suppose 3*v - 321 = 2*j, -v - 5*j + o = 27. Suppose 107*g - v*g = -290. What are the prime factors of g?
5, 29
Let s(f) = 3*f**3 + 4*f**2 + 18*f + 116. What are the prime factors of s(19)?
3, 59, 127
Let a(j) = -43*j - 166. Let p be a(-4). Let z(x) be the second derivative of 11*x**3/6 - 21*x**2/2 + x. List the prime factors of z(p).
3, 5
Suppose 11*v + 18226 = 1759. Let